{"id":6183,"date":"2025-06-28T15:24:15","date_gmt":"2025-06-28T15:24:15","guid":{"rendered":"https:\/\/lopeskincar.shop\/?post_type=product&#038;p=6183"},"modified":"2025-12-30T15:18:59","modified_gmt":"2025-12-30T15:18:59","slug":"skin1004-madagascar-centella-soothing-cream","status":"publish","type":"product","link":"https:\/\/lopeskincar.shop\/index.php\/product\/skin1004-madagascar-centella-soothing-cream\/","title":{"rendered":"SKIN1004 Madagascar Centella Soothing Cream"},"content":{"rendered":"<h2 data-start=\"87\" data-end=\"133\">SKIN1004 Madagascar Centella Soothing Cream<\/h2>\n<p data-start=\"135\" data-end=\"351\">La <strong data-start=\"138\" data-end=\"188\">Madagascar Centella Soothing Cream de SKIN1004<\/strong> est une cr\u00e8me apaisante l\u00e9g\u00e8re con\u00e7ue pour <strong data-start=\"232\" data-end=\"265\">calmer instantan\u00e9ment la peau<\/strong>, renforcer la barri\u00e8re cutan\u00e9e et maintenir une hydratation durable, sans effet gras.<\/p>\n<p data-start=\"353\" data-end=\"644\">Formul\u00e9e avec une haute concentration de <strong data-start=\"394\" data-end=\"429\">Centella Asiatica de Madagascar<\/strong>, elle aide \u00e0 r\u00e9duire les rougeurs, r\u00e9parer la peau sensibilis\u00e9e et restaurer son \u00e9quilibre naturel. Sa texture fra\u00eeche et fondante convient parfaitement \u00e0 une utilisation quotidienne, m\u00eame pour les peaux sensibles.<\/p>\n<h3 data-start=\"646\" data-end=\"659\">Bienfaits<\/h3>\n<ul data-start=\"661\" data-end=\"874\">\n<li data-start=\"661\" data-end=\"699\">\n<p data-start=\"663\" data-end=\"699\">Apaise les irritations et rougeurs<\/p>\n<\/li>\n<li data-start=\"700\" data-end=\"737\">\n<p data-start=\"702\" data-end=\"737\">Hydrate intens\u00e9ment sans alourdir<\/p>\n<\/li>\n<li data-start=\"738\" data-end=\"770\">\n<p data-start=\"740\" data-end=\"770\">Renforce la barri\u00e8re cutan\u00e9e<\/p>\n<\/li>\n<li data-start=\"771\" data-end=\"823\">\n<p data-start=\"773\" data-end=\"823\">Am\u00e9liore l\u2019\u00e9lasticit\u00e9 et la souplesse de la peau<\/p>\n<\/li>\n<li data-start=\"824\" data-end=\"874\">\n<p data-start=\"826\" data-end=\"874\">Laisse la peau douce, confortable et lumineuse<\/p>\n<\/li>\n<\/ul>\n<h3 data-start=\"876\" data-end=\"891\">Actifs cl\u00e9s<\/h3>\n<ul data-start=\"893\" data-end=\"1118\">\n<li data-start=\"893\" data-end=\"959\">\n<p data-start=\"895\" data-end=\"959\"><strong data-start=\"895\" data-end=\"929\">Centella Asiatica (Madagascar)<\/strong> : apaise, r\u00e9pare et prot\u00e8ge<\/p>\n<\/li>\n<li data-start=\"960\" data-end=\"1010\">\n<p data-start=\"962\" data-end=\"1010\"><strong data-start=\"962\" data-end=\"975\">C\u00e9ramides<\/strong> : renforcent la barri\u00e8re cutan\u00e9e<\/p>\n<\/li>\n<li data-start=\"1011\" data-end=\"1061\">\n<p data-start=\"1013\" data-end=\"1061\"><strong data-start=\"1013\" data-end=\"1040\">Panth\u00e9nol (Vitamine B5)<\/strong> : hydrate et calme<\/p>\n<\/li>\n<li data-start=\"1062\" data-end=\"1118\">\n<p data-start=\"1064\" data-end=\"1118\"><strong data-start=\"1064\" data-end=\"1078\">Allanto\u00efne<\/strong> : favorise la r\u00e9g\u00e9n\u00e9ration de la peau<\/p>\n<\/li>\n<\/ul>\n<h3 data-start=\"1120\" data-end=\"1136\">Type de peau<\/h3>\n<p data-start=\"1138\" data-end=\"1195\">Convient \u00e0 <strong data-start=\"1149\" data-end=\"1175\">tous les types de peau<\/strong>, en particulier :<\/p>\n<ul data-start=\"1196\" data-end=\"1282\">\n<li data-start=\"1196\" data-end=\"1215\">\n<p data-start=\"1198\" data-end=\"1215\">Peaux sensibles<\/p>\n<\/li>\n<li data-start=\"1216\" data-end=\"1247\">\n<p data-start=\"1218\" data-end=\"1247\">Peaux sujettes aux rougeurs<\/p>\n<\/li>\n<li data-start=\"1248\" data-end=\"1282\">\n<p data-start=\"1250\" data-end=\"1282\">Peaux d\u00e9shydrat\u00e9es ou irrit\u00e9es<\/p>\n<\/li>\n<\/ul>\n<h3 data-start=\"1284\" data-end=\"1306\">Mode d\u2019utilisation<\/h3>\n<p data-start=\"1308\" data-end=\"1470\">Appliquez une quantit\u00e9 appropri\u00e9e sur le visage et le cou, matin et soir, en derni\u00e8re \u00e9tape de votre routine de soins.<br data-start=\"1426\" data-end=\"1429\" \/>Convient parfaitement sous le maquillage.<\/p>\n<h3 data-start=\"1472\" data-end=\"1486\">Contenance<\/h3>\n<p data-start=\"1488\" data-end=\"1493\">50 ml<\/p>\n","protected":false},"excerpt":{"rendered":"<p>SKIN1004 Madagascar Centella Soothing Cream La Madagascar Centella Soothing Cream de SKIN1004 est une cr\u00e8me apaisante l\u00e9g\u00e8re con\u00e7ue pour calmer&#8230;<\/p>\n","protected":false},"featured_media":6186,"comment_status":"open","ping_status":"closed","template":"","meta":[],"product_brand":[],"product_cat":[54,70],"product_tag":[],"class_list":{"0":"post-6183","1":"product","2":"type-product","3":"status-publish","4":"has-post-thumbnail","6":"product_cat-out-stouk","7":"product_cat-skin1004","9":"first","10":"outofstock","11":"taxable","12":"shipping-taxable","13":"purchasable","14":"product-type-simple"},"_links":{"self":[{"href":"https:\/\/lopeskincar.shop\/index.php\/wp-json\/wp\/v2\/product\/6183","targetHints":{"allow":["GET"]}}],"collection":[{"href":"https:\/\/lopeskincar.shop\/index.php\/wp-json\/wp\/v2\/product"}],"about":[{"href":"https:\/\/lopeskincar.shop\/index.php\/wp-json\/wp\/v2\/types\/product"}],"replies":[{"embeddable":true,"href":"https:\/\/lopeskincar.shop\/index.php\/wp-json\/wp\/v2\/comments?post=6183"}],"wp:featuredmedia":[{"embeddable":true,"href":"https:\/\/lopeskincar.shop\/index.php\/wp-json\/wp\/v2\/media\/6186"}],"wp:attachment":[{"href":"https:\/\/lopeskincar.shop\/index.php\/wp-json\/wp\/v2\/media?parent=6183"}],"wp:term":[{"taxonomy":"product_brand","embeddable":true,"href":"https:\/\/lopeskincar.shop\/index.php\/wp-json\/wp\/v2\/product_brand?post=6183"},{"taxonomy":"product_cat","embeddable":true,"href":"https:\/\/lopeskincar.shop\/index.php\/wp-json\/wp\/v2\/product_cat?post=6183"},{"taxonomy":"product_tag","embeddable":true,"href":"https:\/\/lopeskincar.shop\/index.php\/wp-json\/wp\/v2\/product_tag?post=6183"}],"curies":[{"name":"wp","href":"https:\/\/api.w.org\/{rel}","templated":true}]}}