{"id":5635,"date":"2025-06-24T19:14:37","date_gmt":"2025-06-24T19:14:37","guid":{"rendered":"https:\/\/lopeskincar.shop\/?post_type=product&#038;p=5635"},"modified":"2026-02-01T18:05:35","modified_gmt":"2026-02-01T18:05:35","slug":"medicube-collagen-night-wrapping-mask-75ml","status":"publish","type":"product","link":"https:\/\/lopeskincar.shop\/index.php\/product\/medicube-collagen-night-wrapping-mask-75ml\/","title":{"rendered":"Medicube Collagen Night Wrapping Mask (75ml)"},"content":{"rendered":"<h2 data-start=\"87\" data-end=\"135\">Medicube Collagen Night Wrapping Mask (75 ml)<\/h2>\n<p data-start=\"137\" data-end=\"357\">Le <strong data-start=\"140\" data-end=\"184\">Collagen Night Wrapping Mask de Medicube<\/strong> est un masque de nuit riche et nourrissant, sp\u00e9cialement con\u00e7u pour <strong data-start=\"253\" data-end=\"290\">renforcer l\u2019\u00e9lasticit\u00e9 de la peau<\/strong>, am\u00e9liorer sa fermet\u00e9 et nourrir en profondeur pendant le sommeil.<\/p>\n<p data-start=\"359\" data-end=\"546\">Sa formule enrichie en <strong data-start=\"382\" data-end=\"395\">collag\u00e8ne<\/strong> et en ingr\u00e9dients hydratants permet de restaurer l\u2019\u00e9lasticit\u00e9, r\u00e9duire l\u2019apparence des rides et laisser la peau douce, lisse et revitalis\u00e9e au r\u00e9veil.<\/p>\n<h3 data-start=\"548\" data-end=\"561\">Bienfaits<\/h3>\n<ul data-start=\"563\" data-end=\"790\">\n<li data-start=\"563\" data-end=\"597\">\n<p data-start=\"565\" data-end=\"597\">Hydrate et nourrit intens\u00e9ment<\/p>\n<\/li>\n<li data-start=\"598\" data-end=\"648\">\n<p data-start=\"600\" data-end=\"648\">Am\u00e9liore l\u2019\u00e9lasticit\u00e9 et la fermet\u00e9 de la peau<\/p>\n<\/li>\n<li data-start=\"649\" data-end=\"692\">\n<p data-start=\"651\" data-end=\"692\">R\u00e9duit visiblement les rides et ridules<\/p>\n<\/li>\n<li data-start=\"693\" data-end=\"747\">\n<p data-start=\"695\" data-end=\"747\">Laisse la peau douce, lisse et \u00e9clatante au r\u00e9veil<\/p>\n<\/li>\n<li data-start=\"748\" data-end=\"790\">\n<p data-start=\"750\" data-end=\"790\">Id\u00e9al pour un soin nocturne r\u00e9parateur<\/p>\n<\/li>\n<\/ul>\n<h3 data-start=\"792\" data-end=\"807\">Actifs cl\u00e9s<\/h3>\n<ul data-start=\"809\" data-end=\"1029\">\n<li data-start=\"809\" data-end=\"893\">\n<p data-start=\"811\" data-end=\"893\"><strong data-start=\"811\" data-end=\"834\">Collag\u00e8ne hydrolys\u00e9<\/strong> : renforce la structure cutan\u00e9e et am\u00e9liore l\u2019\u00e9lasticit\u00e9<\/p>\n<\/li>\n<li data-start=\"894\" data-end=\"944\">\n<p data-start=\"896\" data-end=\"944\"><strong data-start=\"896\" data-end=\"918\">Acide hyaluronique<\/strong> : hydrate en profondeur<\/p>\n<\/li>\n<li data-start=\"945\" data-end=\"1029\">\n<p data-start=\"947\" data-end=\"1029\"><strong data-start=\"947\" data-end=\"980\">Extraits botaniques apaisants<\/strong> : calment et prot\u00e8gent la peau pendant la nuit<\/p>\n<\/li>\n<\/ul>\n<h3 data-start=\"1031\" data-end=\"1047\">Type de peau<\/h3>\n<p data-start=\"1049\" data-end=\"1108\">Convient \u00e0 <strong data-start=\"1060\" data-end=\"1086\">tous les types de peau<\/strong>, particuli\u00e8rement :<\/p>\n<ul data-start=\"1109\" data-end=\"1214\">\n<li data-start=\"1109\" data-end=\"1126\">\n<p data-start=\"1111\" data-end=\"1126\">Peaux matures<\/p>\n<\/li>\n<li data-start=\"1127\" data-end=\"1162\">\n<p data-start=\"1129\" data-end=\"1162\">Peaux fatigu\u00e9es ou d\u00e9shydrat\u00e9es<\/p>\n<\/li>\n<li data-start=\"1163\" data-end=\"1214\">\n<p data-start=\"1165\" data-end=\"1214\">Peaux pr\u00e9sentant des signes de perte de fermet\u00e9<\/p>\n<\/li>\n<\/ul>\n<h3 data-start=\"1216\" data-end=\"1238\">Mode d\u2019utilisation<\/h3>\n<p data-start=\"1240\" data-end=\"1423\">Appliquez une couche g\u00e9n\u00e9reuse sur le visage nettoy\u00e9 et tonifi\u00e9 le soir.<br data-start=\"1312\" data-end=\"1315\" \/>Laissez poser toute la nuit et rincez le matin.<br data-start=\"1362\" data-end=\"1365\" \/>Utiliser 2\u20133 fois par semaine pour des r\u00e9sultats optimaux.<\/p>\n<h3 data-start=\"1425\" data-end=\"1439\">Contenance<\/h3>\n<p style=\"text-align: left;\" data-start=\"1441\" data-end=\"1446\">75 ml<\/p>\n","protected":false},"excerpt":{"rendered":"<p>Medicube Collagen Night Wrapping Mask (75 ml) Le Collagen Night Wrapping Mask de Medicube est un masque de nuit riche&#8230;<\/p>\n","protected":false},"featured_media":5641,"comment_status":"open","ping_status":"closed","template":"","meta":[],"product_brand":[],"product_cat":[45],"product_tag":[],"class_list":{"0":"post-5635","1":"product","2":"type-product","3":"status-publish","4":"has-post-thumbnail","6":"product_cat-en-stock","8":"first","9":"instock","10":"taxable","11":"shipping-taxable","12":"purchasable","13":"product-type-simple"},"_links":{"self":[{"href":"https:\/\/lopeskincar.shop\/index.php\/wp-json\/wp\/v2\/product\/5635","targetHints":{"allow":["GET"]}}],"collection":[{"href":"https:\/\/lopeskincar.shop\/index.php\/wp-json\/wp\/v2\/product"}],"about":[{"href":"https:\/\/lopeskincar.shop\/index.php\/wp-json\/wp\/v2\/types\/product"}],"replies":[{"embeddable":true,"href":"https:\/\/lopeskincar.shop\/index.php\/wp-json\/wp\/v2\/comments?post=5635"}],"wp:featuredmedia":[{"embeddable":true,"href":"https:\/\/lopeskincar.shop\/index.php\/wp-json\/wp\/v2\/media\/5641"}],"wp:attachment":[{"href":"https:\/\/lopeskincar.shop\/index.php\/wp-json\/wp\/v2\/media?parent=5635"}],"wp:term":[{"taxonomy":"product_brand","embeddable":true,"href":"https:\/\/lopeskincar.shop\/index.php\/wp-json\/wp\/v2\/product_brand?post=5635"},{"taxonomy":"product_cat","embeddable":true,"href":"https:\/\/lopeskincar.shop\/index.php\/wp-json\/wp\/v2\/product_cat?post=5635"},{"taxonomy":"product_tag","embeddable":true,"href":"https:\/\/lopeskincar.shop\/index.php\/wp-json\/wp\/v2\/product_tag?post=5635"}],"curies":[{"name":"wp","href":"https:\/\/api.w.org\/{rel}","templated":true}]}}