{"id":5617,"date":"2025-06-24T18:51:17","date_gmt":"2025-06-24T18:51:17","guid":{"rendered":"https:\/\/lopeskincar.shop\/?post_type=product&#038;p=5617"},"modified":"2025-12-30T15:34:49","modified_gmt":"2025-12-30T15:34:49","slug":"celimax-the-real-noni-starter-kit-3pcs","status":"publish","type":"product","link":"https:\/\/lopeskincar.shop\/index.php\/product\/celimax-the-real-noni-starter-kit-3pcs\/","title":{"rendered":"celimax The Real Noni Starter Kit (3pcs)"},"content":{"rendered":"<h2 data-start=\"138\" data-end=\"182\">Celimax The Real Noni Starter Kit (3 pcs)<\/h2>\n<p data-start=\"184\" data-end=\"490\">Le <strong data-start=\"187\" data-end=\"224\">Celimax The Real Noni Starter Kit<\/strong> est un coffret complet de soins pour le visage, formul\u00e9 autour de l\u2019extrait de <strong data-start=\"304\" data-end=\"312\">Noni<\/strong>, connu pour ses propri\u00e9t\u00e9s <strong data-start=\"340\" data-end=\"387\">antioxydantes, apaisantes et revitalisantes<\/strong>. Ce kit est id\u00e9al pour <strong data-start=\"411\" data-end=\"444\">hydrater, nourrir et prot\u00e9ger<\/strong> la peau tout en am\u00e9liorant son \u00e9clat naturel.<\/p>\n<h3 data-start=\"492\" data-end=\"510\">Contenu du kit<\/h3>\n<ol data-start=\"512\" data-end=\"628\">\n<li data-start=\"512\" data-end=\"550\">\n<p data-start=\"515\" data-end=\"550\"><strong data-start=\"515\" data-end=\"540\">The Real Noni Essence<\/strong> \u2013 30 ml<\/p>\n<\/li>\n<li data-start=\"551\" data-end=\"587\">\n<p data-start=\"554\" data-end=\"587\"><strong data-start=\"554\" data-end=\"577\">The Real Noni Cream<\/strong> \u2013 30 ml<\/p>\n<\/li>\n<li data-start=\"588\" data-end=\"628\">\n<p data-start=\"591\" data-end=\"628\"><strong data-start=\"591\" data-end=\"618\">The Real Noni Eye Cream<\/strong> \u2013 10 ml<\/p>\n<\/li>\n<\/ol>\n<hr data-start=\"630\" data-end=\"633\" \/>\n<h3 data-start=\"635\" data-end=\"671\">1. The Real Noni Essence (30 ml)<\/h3>\n<p data-start=\"673\" data-end=\"690\"><strong data-start=\"673\" data-end=\"688\">Bienfaits :<\/strong><\/p>\n<ul data-start=\"691\" data-end=\"876\">\n<li data-start=\"691\" data-end=\"736\">\n<p data-start=\"693\" data-end=\"736\">Hydrate intens\u00e9ment et revitalise la peau<\/p>\n<\/li>\n<li data-start=\"737\" data-end=\"775\">\n<p data-start=\"739\" data-end=\"775\">Apaise les irritations et rougeurs<\/p>\n<\/li>\n<li data-start=\"776\" data-end=\"826\">\n<p data-start=\"778\" data-end=\"826\">Am\u00e9liore l\u2019\u00e9lasticit\u00e9 et la fermet\u00e9 de la peau<\/p>\n<\/li>\n<li data-start=\"827\" data-end=\"876\">\n<p data-start=\"829\" data-end=\"876\">Pr\u00e9pare la peau \u00e0 recevoir les soins suivants<\/p>\n<\/li>\n<\/ul>\n<p data-start=\"878\" data-end=\"897\"><strong data-start=\"878\" data-end=\"895\">Actifs cl\u00e9s :<\/strong><\/p>\n<ul data-start=\"898\" data-end=\"1062\">\n<li data-start=\"898\" data-end=\"956\">\n<p data-start=\"900\" data-end=\"956\"><strong data-start=\"900\" data-end=\"919\">Extrait de Noni<\/strong> : puissant antioxydant et apaisant<\/p>\n<\/li>\n<li data-start=\"957\" data-end=\"1007\">\n<p data-start=\"959\" data-end=\"1007\"><strong data-start=\"959\" data-end=\"981\">Acide hyaluronique<\/strong> : hydrate en profondeur<\/p>\n<\/li>\n<li data-start=\"1008\" data-end=\"1062\">\n<p data-start=\"1010\" data-end=\"1062\"><strong data-start=\"1010\" data-end=\"1033\">Extraits botaniques<\/strong> : nourrissent et prot\u00e8gent<\/p>\n<\/li>\n<\/ul>\n<p data-start=\"1064\" data-end=\"1119\"><strong data-start=\"1064\" data-end=\"1082\">Type de peau :<\/strong> Tous types de peau, m\u00eame sensibles<\/p>\n<p data-start=\"1121\" data-end=\"1276\"><strong data-start=\"1121\" data-end=\"1145\">Mode d\u2019utilisation :<\/strong><br data-start=\"1145\" data-end=\"1148\" \/>Appliquez quelques gouttes sur le visage propre et tonifi\u00e9, matin et soir, en tapotant d\u00e9licatement jusqu\u2019\u00e0 absorption compl\u00e8te.<\/p>\n<hr data-start=\"1278\" data-end=\"1281\" \/>\n<h3 data-start=\"1283\" data-end=\"1317\">2. The Real Noni Cream (30 ml)<\/h3>\n<p data-start=\"1319\" data-end=\"1336\"><strong data-start=\"1319\" data-end=\"1334\">Bienfaits :<\/strong><\/p>\n<ul data-start=\"1337\" data-end=\"1478\">\n<li data-start=\"1337\" data-end=\"1371\">\n<p data-start=\"1339\" data-end=\"1371\">Hydrate et nourrit intens\u00e9ment<\/p>\n<\/li>\n<li data-start=\"1372\" data-end=\"1404\">\n<p data-start=\"1374\" data-end=\"1404\">Renforce la barri\u00e8re cutan\u00e9e<\/p>\n<\/li>\n<li data-start=\"1405\" data-end=\"1435\">\n<p data-start=\"1407\" data-end=\"1435\">Lisse et illumine le teint<\/p>\n<\/li>\n<li data-start=\"1436\" data-end=\"1478\">\n<p data-start=\"1438\" data-end=\"1478\">Apaise les peaux irrit\u00e9es ou sensibles<\/p>\n<\/li>\n<\/ul>\n<p data-start=\"1480\" data-end=\"1499\"><strong data-start=\"1480\" data-end=\"1497\">Actifs cl\u00e9s :<\/strong><\/p>\n<ul data-start=\"1500\" data-end=\"1681\">\n<li data-start=\"1500\" data-end=\"1551\">\n<p data-start=\"1502\" data-end=\"1551\"><strong data-start=\"1502\" data-end=\"1521\">Extrait de Noni<\/strong> : r\u00e9pare et prot\u00e8ge la peau<\/p>\n<\/li>\n<li data-start=\"1552\" data-end=\"1615\">\n<p data-start=\"1554\" data-end=\"1615\"><strong data-start=\"1554\" data-end=\"1585\">Beurres et huiles v\u00e9g\u00e9tales<\/strong> : nourrissent en profondeur<\/p>\n<\/li>\n<li data-start=\"1616\" data-end=\"1681\">\n<p data-start=\"1618\" data-end=\"1681\"><strong data-start=\"1618\" data-end=\"1641\">Extraits botaniques<\/strong> : apaisent et renforcent l\u2019\u00e9lasticit\u00e9<\/p>\n<\/li>\n<\/ul>\n<p data-start=\"1683\" data-end=\"1770\"><strong data-start=\"1683\" data-end=\"1701\">Type de peau :<\/strong> Tous types de peau, en particulier peaux d\u00e9shydrat\u00e9es ou sensibles<\/p>\n<p data-start=\"1772\" data-end=\"1926\"><strong data-start=\"1772\" data-end=\"1796\">Mode d\u2019utilisation :<\/strong><br data-start=\"1796\" data-end=\"1799\" \/>Appliquez une petite quantit\u00e9 sur le visage et le cou, matin et soir, apr\u00e8s l\u2019essence, en massant doucement jusqu\u2019\u00e0 absorption.<\/p>\n<hr data-start=\"1928\" data-end=\"1931\" \/>\n<h3 data-start=\"1933\" data-end=\"1971\">3. The Real Noni Eye Cream (10 ml)<\/h3>\n<p data-start=\"1973\" data-end=\"1990\"><strong data-start=\"1973\" data-end=\"1988\">Bienfaits :<\/strong><\/p>\n<ul data-start=\"1991\" data-end=\"2141\">\n<li data-start=\"1991\" data-end=\"2035\">\n<p data-start=\"1993\" data-end=\"2035\">R\u00e9duit l\u2019apparence des ridules et poches<\/p>\n<\/li>\n<li data-start=\"2036\" data-end=\"2077\">\n<p data-start=\"2038\" data-end=\"2077\">Hydrate et apaise le contour des yeux<\/p>\n<\/li>\n<li data-start=\"2078\" data-end=\"2141\">\n<p data-start=\"2080\" data-end=\"2141\">Illumine le regard et am\u00e9liore l\u2019\u00e9lasticit\u00e9 de la peau fine<\/p>\n<\/li>\n<\/ul>\n<p data-start=\"2143\" data-end=\"2162\"><strong data-start=\"2143\" data-end=\"2160\">Actifs cl\u00e9s :<\/strong><\/p>\n<ul data-start=\"2163\" data-end=\"2361\">\n<li data-start=\"2163\" data-end=\"2216\">\n<p data-start=\"2165\" data-end=\"2216\"><strong data-start=\"2165\" data-end=\"2184\">Extrait de Noni<\/strong> : antioxydant et revitalisant<\/p>\n<\/li>\n<li data-start=\"2217\" data-end=\"2284\">\n<p data-start=\"2219\" data-end=\"2284\"><strong data-start=\"2219\" data-end=\"2253\">Peptides et acide hyaluronique<\/strong> : raffermissent et hydratent<\/p>\n<\/li>\n<li data-start=\"2285\" data-end=\"2361\">\n<p data-start=\"2287\" data-end=\"2361\"><strong data-start=\"2287\" data-end=\"2310\">Extraits botaniques<\/strong> : calment et prot\u00e8gent la peau d\u00e9licate des yeux<\/p>\n<\/li>\n<\/ul>\n<p data-start=\"2363\" data-end=\"2423\"><strong data-start=\"2363\" data-end=\"2381\">Type de peau :<\/strong> Tous types de peau, y compris sensibles<\/p>\n<p data-start=\"2425\" data-end=\"2572\"><strong data-start=\"2425\" data-end=\"2449\">Mode d\u2019utilisation :<\/strong><br data-start=\"2449\" data-end=\"2452\" \/>Appliquez une petite quantit\u00e9 autour des yeux, matin et soir, en tapotant doucement avec l\u2019annulaire jusqu\u2019\u00e0 absorption.<\/p>\n<hr data-start=\"2574\" data-end=\"2577\" \/>\n<h3 data-start=\"2579\" data-end=\"2596\">R\u00e9sum\u00e9 du kit<\/h3>\n<p data-start=\"2598\" data-end=\"2657\">Le <strong data-start=\"2601\" data-end=\"2638\">Celimax The Real Noni Starter Kit<\/strong> est id\u00e9al pour :<\/p>\n<ul data-start=\"2658\" data-end=\"2844\">\n<li data-start=\"2658\" data-end=\"2701\">\n<p data-start=\"2660\" data-end=\"2701\">Tous types de peau, y compris sensibles<\/p>\n<\/li>\n<li data-start=\"2702\" data-end=\"2740\">\n<p data-start=\"2704\" data-end=\"2740\">Am\u00e9liorer l\u2019hydratation et l\u2019\u00e9clat<\/p>\n<\/li>\n<li data-start=\"2741\" data-end=\"2795\">\n<p data-start=\"2743\" data-end=\"2795\">R\u00e9duire les signes de fatigue et de vieillissement<\/p>\n<\/li>\n<li data-start=\"2796\" data-end=\"2844\">\n<p data-start=\"2798\" data-end=\"2844\">Une routine compl\u00e8te du visage matin et soir<\/p>\n<\/li>\n<\/ul>\n","protected":false},"excerpt":{"rendered":"<p>Celimax The Real Noni Starter Kit (3 pcs) Le Celimax The Real Noni Starter Kit est un coffret complet de&#8230;<\/p>\n","protected":false},"featured_media":5619,"comment_status":"open","ping_status":"closed","template":"","meta":[],"product_brand":[],"product_cat":[54],"product_tag":[],"class_list":{"0":"post-5617","1":"product","2":"type-product","3":"status-publish","4":"has-post-thumbnail","6":"product_cat-out-stouk","8":"first","9":"outofstock","10":"sale","11":"taxable","12":"shipping-taxable","13":"purchasable","14":"product-type-simple"},"_links":{"self":[{"href":"https:\/\/lopeskincar.shop\/index.php\/wp-json\/wp\/v2\/product\/5617","targetHints":{"allow":["GET"]}}],"collection":[{"href":"https:\/\/lopeskincar.shop\/index.php\/wp-json\/wp\/v2\/product"}],"about":[{"href":"https:\/\/lopeskincar.shop\/index.php\/wp-json\/wp\/v2\/types\/product"}],"replies":[{"embeddable":true,"href":"https:\/\/lopeskincar.shop\/index.php\/wp-json\/wp\/v2\/comments?post=5617"}],"wp:featuredmedia":[{"embeddable":true,"href":"https:\/\/lopeskincar.shop\/index.php\/wp-json\/wp\/v2\/media\/5619"}],"wp:attachment":[{"href":"https:\/\/lopeskincar.shop\/index.php\/wp-json\/wp\/v2\/media?parent=5617"}],"wp:term":[{"taxonomy":"product_brand","embeddable":true,"href":"https:\/\/lopeskincar.shop\/index.php\/wp-json\/wp\/v2\/product_brand?post=5617"},{"taxonomy":"product_cat","embeddable":true,"href":"https:\/\/lopeskincar.shop\/index.php\/wp-json\/wp\/v2\/product_cat?post=5617"},{"taxonomy":"product_tag","embeddable":true,"href":"https:\/\/lopeskincar.shop\/index.php\/wp-json\/wp\/v2\/product_tag?post=5617"}],"curies":[{"name":"wp","href":"https:\/\/api.w.org\/{rel}","templated":true}]}}