{"id":5343,"date":"2025-06-20T18:57:24","date_gmt":"2025-06-20T18:57:24","guid":{"rendered":"https:\/\/lopeskincar.shop\/?post_type=product&#038;p=5343"},"modified":"2025-12-30T15:05:24","modified_gmt":"2025-12-30T15:05:24","slug":"skin1004-madagascar-centella-light-cleansing-oil-200ml","status":"publish","type":"product","link":"https:\/\/lopeskincar.shop\/index.php\/product\/skin1004-madagascar-centella-light-cleansing-oil-200ml\/","title":{"rendered":"SKIN1004 Madagascar Centella Light Cleansing Oil (200ml)"},"content":{"rendered":"<p>D\u00e9couvrez l&#8217;huile d\u00e9maquillante Skin1004 : l\u00e9g\u00e8re et \u00e0 base d&#8217;huile, elle \u00e9limine en douceur le maquillage, les impuret\u00e9s, les huiles et la cr\u00e8me solaire sans irriter la zone d\u00e9licate des yeux.<\/p>\n<p>Avantages et caract\u00e9ristiques :<\/p>\n<ul>\n<li>\u00c9limine efficacement toutes les traces de maquillage, laissant la peau propre et fra\u00eeche.<\/li>\n<li>Enrichie en huile MCT d\u00e9riv\u00e9e de la noix de coco et en extrait de centella asiatica pour un nettoyage en profondeur.<\/li>\n<li>La combinaison de six huiles v\u00e9g\u00e9tales pr\u00e9vient les irritations cutan\u00e9es.<\/li>\n<li>Sa texture l\u00e9g\u00e8re \u00e9limine les r\u00e9sidus de maquillage et d\u00e9sobstrue les pores, laissant la peau rafra\u00eechie.<\/li>\n<\/ul>\n<p>Ingr\u00e9dients cl\u00e9s : Extrait de Centella Asiatica : Apaise et r\u00e9hydrate la peau<\/p>\n","protected":false},"excerpt":{"rendered":"<p><span dir=\"auto\"> \u00a0 \u00a0 \u00a0 \u00a0 \u00a0 \u00a0 \u00a0 \u00a0 \u00a0 \u00a0 \u00a0 <\/span><span dir=\"auto\">\u00a0 \u00a0 \u00a0 \u00a0 \u00a0 \u00a0 \u00a0 \u00a0 \u00a0 \u00a0 \u00a0 \u00a0\u00a0<\/span><\/p>\n<section id=\"shopify-section-template--19634277253366__save_with_sets_PFx7Vn\" class=\"shopify-section section\">\n<div class=\"save-with-sets-container\">\n<div class=\"section-template--19634277253366__save_with_sets_PFx7Vn-padding\"><\/div>\n<\/div>\n<\/section>\n","protected":false},"featured_media":5344,"comment_status":"open","ping_status":"closed","template":"","meta":[],"product_brand":[],"product_cat":[54,70],"product_tag":[],"class_list":{"0":"post-5343","1":"product","2":"type-product","3":"status-publish","4":"has-post-thumbnail","6":"product_cat-out-stouk","7":"product_cat-skin1004","9":"first","10":"outofstock","11":"sale","12":"taxable","13":"shipping-taxable","14":"purchasable","15":"product-type-simple"},"_links":{"self":[{"href":"https:\/\/lopeskincar.shop\/index.php\/wp-json\/wp\/v2\/product\/5343","targetHints":{"allow":["GET"]}}],"collection":[{"href":"https:\/\/lopeskincar.shop\/index.php\/wp-json\/wp\/v2\/product"}],"about":[{"href":"https:\/\/lopeskincar.shop\/index.php\/wp-json\/wp\/v2\/types\/product"}],"replies":[{"embeddable":true,"href":"https:\/\/lopeskincar.shop\/index.php\/wp-json\/wp\/v2\/comments?post=5343"}],"wp:featuredmedia":[{"embeddable":true,"href":"https:\/\/lopeskincar.shop\/index.php\/wp-json\/wp\/v2\/media\/5344"}],"wp:attachment":[{"href":"https:\/\/lopeskincar.shop\/index.php\/wp-json\/wp\/v2\/media?parent=5343"}],"wp:term":[{"taxonomy":"product_brand","embeddable":true,"href":"https:\/\/lopeskincar.shop\/index.php\/wp-json\/wp\/v2\/product_brand?post=5343"},{"taxonomy":"product_cat","embeddable":true,"href":"https:\/\/lopeskincar.shop\/index.php\/wp-json\/wp\/v2\/product_cat?post=5343"},{"taxonomy":"product_tag","embeddable":true,"href":"https:\/\/lopeskincar.shop\/index.php\/wp-json\/wp\/v2\/product_tag?post=5343"}],"curies":[{"name":"wp","href":"https:\/\/api.w.org\/{rel}","templated":true}]}}