{"id":4994,"date":"2018-10-18T02:24:20","date_gmt":"2018-10-18T02:24:20","guid":{"rendered":"https:\/\/woostify.com\/demos\/fashion1\/?post_type=product&#038;p=110"},"modified":"2025-12-30T15:42:21","modified_gmt":"2025-12-30T15:42:21","slug":"skin1004-madagascar-centella-ampoule-55ml-100ml","status":"publish","type":"product","link":"https:\/\/lopeskincar.shop\/index.php\/product\/skin1004-madagascar-centella-ampoule-55ml-100ml\/","title":{"rendered":"SKIN1004 Madagascar Centella Ampoule100ML"},"content":{"rendered":"<h2 data-start=\"130\" data-end=\"169\">SKIN1004 Madagascar Centella Ampoule<\/h2>\n<p data-start=\"171\" data-end=\"482\">La <strong data-start=\"174\" data-end=\"217\">Madagascar Centella Ampoule de SKIN1004<\/strong> est un s\u00e9rum concentr\u00e9 enrichi en <strong data-start=\"252\" data-end=\"287\">Centella Asiatica de Madagascar<\/strong>, con\u00e7u pour <strong data-start=\"300\" data-end=\"354\">apaiser, hydrater et renforcer la barri\u00e8re cutan\u00e9e<\/strong>. Cette ampoule p\u00e9n\u00e8tre rapidement dans la peau, laissant une sensation de confort et favorisant un teint plus sain et \u00e9clatant.<\/p>\n<h3 data-start=\"484\" data-end=\"497\">Bienfaits<\/h3>\n<ul data-start=\"499\" data-end=\"694\">\n<li data-start=\"499\" data-end=\"537\">\n<p data-start=\"501\" data-end=\"537\">Apaise les irritations et rougeurs<\/p>\n<\/li>\n<li data-start=\"538\" data-end=\"570\">\n<p data-start=\"540\" data-end=\"570\">Renforce la barri\u00e8re cutan\u00e9e<\/p>\n<\/li>\n<li data-start=\"571\" data-end=\"602\">\n<p data-start=\"573\" data-end=\"602\">Hydrate intens\u00e9ment la peau<\/p>\n<\/li>\n<li data-start=\"603\" data-end=\"650\">\n<p data-start=\"605\" data-end=\"650\">Am\u00e9liore l\u2019\u00e9lasticit\u00e9 et la texture cutan\u00e9e<\/p>\n<\/li>\n<li data-start=\"651\" data-end=\"694\">\n<p data-start=\"653\" data-end=\"694\">Pr\u00e9pare la peau pour les soins suivants<\/p>\n<\/li>\n<\/ul>\n<h3 data-start=\"696\" data-end=\"711\">Actifs cl\u00e9s<\/h3>\n<ul data-start=\"713\" data-end=\"896\">\n<li data-start=\"713\" data-end=\"770\">\n<p data-start=\"715\" data-end=\"770\"><strong data-start=\"715\" data-end=\"749\">Centella Asiatica (Madagascar)<\/strong> : apaise et r\u00e9pare<\/p>\n<\/li>\n<li data-start=\"771\" data-end=\"833\">\n<p data-start=\"773\" data-end=\"833\"><strong data-start=\"773\" data-end=\"795\">Acide hyaluronique<\/strong> : hydrate et maintient la souplesse<\/p>\n<\/li>\n<li data-start=\"834\" data-end=\"896\">\n<p data-start=\"836\" data-end=\"896\"><strong data-start=\"836\" data-end=\"859\">Extraits botaniques<\/strong> : nourrissent et prot\u00e8gent la peau<\/p>\n<\/li>\n<\/ul>\n<h3 data-start=\"898\" data-end=\"914\">Type de peau<\/h3>\n<p data-start=\"916\" data-end=\"971\">Convient \u00e0 <strong data-start=\"927\" data-end=\"949\">tous types de peau<\/strong>, particuli\u00e8rement :<\/p>\n<ul data-start=\"972\" data-end=\"1061\">\n<li data-start=\"972\" data-end=\"991\">\n<p data-start=\"974\" data-end=\"991\">Peaux sensibles<\/p>\n<\/li>\n<li data-start=\"992\" data-end=\"1038\">\n<p data-start=\"994\" data-end=\"1038\">Peaux sujettes aux rougeurs ou irritations<\/p>\n<\/li>\n<li data-start=\"1039\" data-end=\"1061\">\n<p data-start=\"1041\" data-end=\"1061\">Peaux d\u00e9shydrat\u00e9es<\/p>\n<\/li>\n<\/ul>\n<h3 data-start=\"1063\" data-end=\"1085\">Mode d\u2019utilisation<\/h3>\n<ol data-start=\"1087\" data-end=\"1309\">\n<li data-start=\"1087\" data-end=\"1175\">\n<p data-start=\"1090\" data-end=\"1175\">Apr\u00e8s le nettoyage et le toner, appliquez quelques gouttes sur le visage et le cou.<\/p>\n<\/li>\n<li data-start=\"1176\" data-end=\"1226\">\n<p data-start=\"1179\" data-end=\"1226\">Massez doucement jusqu\u2019\u00e0 absorption compl\u00e8te.<\/p>\n<\/li>\n<li data-start=\"1227\" data-end=\"1309\">\n<p data-start=\"1230\" data-end=\"1309\">Utilisez matin et soir avant la cr\u00e8me hydratante pour de meilleurs r\u00e9sultats.<\/p>\n<\/li>\n<\/ol>\n<h3 data-start=\"1311\" data-end=\"1325\">Contenance<\/h3>\n<p data-start=\"1327\" data-end=\"1365\">100ml (ou selon le packaging officiel)<\/p>\n","protected":false},"excerpt":{"rendered":"<p>Qui, explicabo eius nisi fugit repudiandae, quos voluptates, beatae ullam consectetur ducimus itaque! Tempore provident eligendi sed ipsum ea. Reiciendis nulla neque sapiente, totam veritatis non? Odio, quaerat.<\/p>\n","protected":false},"featured_media":5342,"comment_status":"open","ping_status":"closed","template":"","meta":[],"product_brand":[],"product_cat":[54],"product_tag":[],"class_list":{"0":"post-4994","1":"product","2":"type-product","3":"status-publish","4":"has-post-thumbnail","6":"product_cat-out-stouk","8":"first","9":"outofstock","10":"sale","11":"taxable","12":"shipping-taxable","13":"purchasable","14":"product-type-simple"},"_links":{"self":[{"href":"https:\/\/lopeskincar.shop\/index.php\/wp-json\/wp\/v2\/product\/4994","targetHints":{"allow":["GET"]}}],"collection":[{"href":"https:\/\/lopeskincar.shop\/index.php\/wp-json\/wp\/v2\/product"}],"about":[{"href":"https:\/\/lopeskincar.shop\/index.php\/wp-json\/wp\/v2\/types\/product"}],"replies":[{"embeddable":true,"href":"https:\/\/lopeskincar.shop\/index.php\/wp-json\/wp\/v2\/comments?post=4994"}],"wp:featuredmedia":[{"embeddable":true,"href":"https:\/\/lopeskincar.shop\/index.php\/wp-json\/wp\/v2\/media\/5342"}],"wp:attachment":[{"href":"https:\/\/lopeskincar.shop\/index.php\/wp-json\/wp\/v2\/media?parent=4994"}],"wp:term":[{"taxonomy":"product_brand","embeddable":true,"href":"https:\/\/lopeskincar.shop\/index.php\/wp-json\/wp\/v2\/product_brand?post=4994"},{"taxonomy":"product_cat","embeddable":true,"href":"https:\/\/lopeskincar.shop\/index.php\/wp-json\/wp\/v2\/product_cat?post=4994"},{"taxonomy":"product_tag","embeddable":true,"href":"https:\/\/lopeskincar.shop\/index.php\/wp-json\/wp\/v2\/product_tag?post=4994"}],"curies":[{"name":"wp","href":"https:\/\/api.w.org\/{rel}","templated":true}]}}